9639380 a multiple of 20?
True
Does 4378 divide 741757035?
False
Is 27009538 a multiple of 5?
False
Is 9 a factor of 1051188479?
False
Is 583670220 a multiple of 20?
True
Is 6 a factor of 45870906?
True
Does 1170 divide 227249100?
True
Is 906 a factor of 523660752?
True
Is 61 a factor of 341864652?
False
Is 4719184897 a multiple of 40?
False
Is 152 a factor of 60156584?
True
Is 7 a factor of 1923244897?
True
Is 130 a factor of 92900486?
False
Does 72 divide 18799901?
False
Is 190 a factor of 782822203?
False
Does 100 divide 650653500?
True
Does 16 divide 771556624?
True
Is 430097700 a multiple of 498?
True
Is 1967791 a multiple of 7?
True
Is 110242059 a multiple of 69?
True
Does 303 divide 133196679?
True
Is 70 a factor of 47628420?
True
Is 84 a factor of 159965316?
True
Does 29 divide 14931459?
False
Does 202 divide 84817827?
False
Is 45 a factor of 13400474?
False
Does 67 divide 107336502?
False
Is 98291539 a multiple of 4?
False
Does 1181 divide 83461270?
True
Does 279 divide 1139892185?
False
Is 214 a factor of 879460820?
True
Is 569040040 a multiple of 3400?
False
Is 168 a factor of 26478144?
True
Is 4680042 a multiple of 26?
False
Is 60165742 a multiple of 148?
False
Is 759 a factor of 154894443?
True
Is 191365419 a multiple of 21?
True
Does 16 divide 329403296?
True
Does 4431 divide 58668388?
False
Is 215 a factor of 69112330?
False
Does 46 divide 174316136?
False
Is 34929372 a multiple of 109?
False
Is 28 a factor of 29696604?
True
Is 353 a factor of 146873477?
False
Is 422219265 a multiple of 120?
False
Is 62 a factor of 13886637?
False
Is 150021827 a multiple of 220?
False
Is 576 a factor of 578610432?
True
Is 31107168 a multiple of 6?
True
Is 14042218 a multiple of 802?
True
Is 17489134 a multiple of 6?
False
Is 43015010 a multiple of 194?
False
Is 359974076 a multiple of 548?
True
Does 757 divide 15094580?
True
Is 67240264 a multiple of 28?
True
Is 84 a factor of 135550801?
False
Does 1880 divide 5702040?
True
Is 172 a factor of 1018105152?
True
Is 30 a factor of 151512720?
True
Does 36 divide 497593152?
True
Is 281 a factor of 16084564?
False
Is 6379503 a multiple of 82?
False
Is 4655424672 a multiple of 144?
True
Is 844775641 a multiple of 16?
False
Is 99 a factor of 660356670?
False
Is 2 a factor of 770495?
False
Is 33 a factor of 26528864?
False
Does 49 divide 7810600?
True
Is 13532078 a multiple of 14?
True
Does 221 divide 26590720?
True
Is 15 a factor of 112336922?
False
Does 142 divide 80219066?
True
Is 255256734 a multiple of 67?
True
Does 177 divide 2212256271?
True
Does 38 divide 437942096?
True
Does 23 divide 15334744?
True
Is 292 a factor of 664798444?
True
Is 206535159 a multiple of 4495?
False
Does 21 divide 96320102?
False
Is 524319360 a multiple of 96?
True
Is 8 a factor of 87372744?
True
Is 63 a factor of 200586386?
False
Is 539 a factor of 43951163?
False
Is 68160642 a multiple of 5356?
False
Is 26864807 a multiple of 29?
False
Is 123897650 a multiple of 10?
True
Is 30356892 a multiple of 9?
True
Does 76 divide 117281756?
True
Does 1332 divide 149628888?
True
Is 3 a factor of 92181417?
True
Does 4151 divide 654625153?
True
Is 2244880456 a multiple of 12?
False
Does 656 divide 71327536?
True
Is 2769 a factor of 1212912310?
False
Is 40 a factor of 1985513?
False
Does 921 divide 9756153?
True
Is 201831136 a multiple of 100?
False
Is 14410890 a multiple of 339?
True
Does 684 divide 20762119?
False
Does 718 divide 134618926?
False
Is 1489 a factor of 25414283?
False
Is 957358803 a multiple of 752?
False
Does 316 divide 4127170?
False
Is 11928 a factor of 1419986225?
False
Is 125 a factor of 96173625?
True
Is 2 a factor of 2772831?
False
Is 14 a factor of 11010860?
True
Does 2671 divide 1026697677?
True
Is 175049712 a multiple of 24?
True
Is 101 a factor of 246158816?
True
Is 18573560 a multiple of 4?
True
Is 357420495 a multiple of 1263?
False
Is 467 a factor of 200136586?
True
Does 2691 divide 859120587?
True
Is 260166159 a multiple of 671?
True
Is 95 a factor of 119544485?
True
Is 791792 a multiple of 3?
False
Does 1509 divide 107209923?
True
Does 6028 divide 147408712?
True
Is 46 a factor of 1463915074?
False
Is 61858308 a multiple of 859?
True
Is 1538891486 a multiple of 7389?
False
Is 1798 a factor of 10805895?
False
Is 2501523 a multiple of 89?
True
Does 34 divide 32292295?
False
Does 519 divide 180827682?
False
Does 19 divide 33437582?
False
Is 5161269024 a multiple of 824?
True
Does 594 divide 23745657?
False
Does 601 divide 49093887?
True
Does 10 divide 2095418869?
False
Does 128 divide 30794240?
True
Does 50 divide 122478100?
True
Is 296652431 a multiple of 289?
True
Does 1217 divide 522116144?
False
Does 35 divide 29068871?
False
Does 1063 divide 21419450?
True
Is 71868456 a multiple of 396?
True
Does 18 divide 28503270?
True
Is 651316 a multiple of 19?
False
Is 9204344 a multiple of 27?
False
Does 142 divide 2547982534?
False
Is 167969736 a multiple of 44?
True
Is 231816420 a multiple of 485?
True
Is 4139 a factor of 406756261?
False
Is 232972930 a multiple of 170?
True
Does 3817 divide 53612784?
False
Is 794373695 a multiple of 103?
False
Is 2 a factor of 525688?
True
Is 10 a factor of 315267200?
True
Is 1285 a factor of 437884310?
True
Is 1057 a factor of 259269009?
False
Is 104 a factor of 76136496?
False
Is 643985748 a multiple of 2978?
False
Does 339 divide 8454084?
False
Is 456974784 a multiple of 72?
True
Is 24 a factor of 198387463?
False
Is 104796275 a multiple of 1596?
False
Is 26 a factor of 21180303?
False
Is 208 a factor of 35637888?
True
Does 43 divide 11191077?
False
Does 2005 divide 572902685?
True
Is 131132148 a multiple of 298?
False
Is 91579209 a multiple of 495?
False
Is 215 a factor of 29246665?
True
Is 109944409 a multiple of 1869?
False
Does 48 divide 88772320?
False
Is 85 a factor of 25665153?
False
Is 2566 a factor of 54537764?
True
Is 63 a factor of 12165237?
True
Is 284 a factor of 19938374?
False
Is 18 a factor of 35245026?
True
Is 96 a factor of 18336023?
False
Is 28408771 a multiple of 461?
False
Is 402 a factor of 618489462?
True
Is 13 a factor of 5996160435?
False
Does 6 divide 707288144?
False
Is 33781560 a multiple of 1970?
True
Does 627 divide 352614569?
False
Is 258 a factor of 225992520?
True
Does 309 divide 2086962770?
False
Is 360 a factor of 312667971?
False
Is 1121 a factor of 31854479?
False
Does 786 divide 167434643?
False
Does 206 divide 15853133?
False
Is 37550790 a multiple of 81?
True
Does 66 divide 59848008?
True
Does 35 divide 112177765?
True
Does 137 divide 251524191?
True
Is 38 a factor of 72272?
False
Is 72005970 a multiple of 282?
False
Does 617 divide 56200243?
False
Does 2 divide 89403609?
False
Does 21 divide 47423439?
True
Does 131 divide 43044628?
False
Is 13 a factor of 1697374185?
True
Is 106 a factor of 4293006?
False
Is 54 a factor of 21988072?
False
Does 291 divide 988816647?
False
Is 18 a factor of 76835141?
False
Is 11894778 a multiple of 3?
True
Is 234355202 a multiple of 622?
False
Does 1283 divide 1134614007?
False
Is 71599667 a multiple of 23?
True
Is 2692 a factor of 85034896?
True
Does 143 divide 35632196?
False
Is 5 a factor of 173074680?
True
Is 89193766 a multiple of 5398?
False
Is 3460 a factor of 279602600?
True
Is 33 a factor of 158624798?
False
Does 375 divide 841491163?
False
Is 382559860 a multiple of 1084?
True
Is 92 a factor of 2406854872?
True
Does 581 divide 619163218?
False
Is 61 a factor of 7177626?
True
Does 34 divide 2037382?
True
Is 219777183 a multiple of 9?
True
Is 923 a factor of 575898466?
True
Does 629 divide 153836815?
False
Is 36338920 a multiple of 2120?
True
Does 645 divide 361694788?
False
Is 48728920 a multiple of 1940?
True
Does 41 divide 225216666?
False
Does 24 divide 441797208?
True
Is 207 a factor of 9270315?
False
Is 2860364448 a multiple of 307?
False
Is 799165932 a multiple of 14?
False
Is 55073850 a multiple of 1950?
True
Does 47 divide 2425670?
True
Does 1890 divide 445435200?
True
Is 95397178 a multiple of 6?
False
Does 34 divide 377522128?
True
Is 26 a factor of 2964667940?
True
Is 25443506 a multiple of 65?
False
Is 6265247 a multiple of 23?
False
Does 107 divide 133899078?
False
Is 28 a factor of 1188432?
True
Does 869 divide 147248501?
False
Is 428 a factor of 60757762?
False
Is 39 a facto